ctors of 15078146.
2, 7539073
List the prime factors of 69054.
2, 3, 17, 677
What are the prime factors of 1952891?
53, 36847
List the prime factors of 32781.
3, 7, 223
What are the prime factors of 7213566?
2, 3, 1202261
List the prime factors of 2655375.
3, 5, 73, 97
List the prime factors of 1781579.
547, 3257
List the prime factors of 1160541.
3, 53, 811
What are the prime factors of 1293707?
239, 5413
List the prime factors of 686962.
2, 343481
List the prime factors of 9745563.
3, 31, 43, 2437
What are the prime factors of 47897?
211, 227
List the prime factors of 262889.
11, 23899
What are the prime factors of 9845817?
3, 23, 31, 4603
List the prime factors of 484294.
2, 242147
List the prime factors of 428903.
439, 977
List the prime factors of 201219.
3, 67073
List the prime factors of 208429.
13, 16033
List the prime factors of 1791066.
2, 3, 239, 1249
What are the prime factors of 1418309?
1033, 1373
What are the prime factors of 4961953?
31, 67, 2389
What are the prime factors of 1019369?
13, 19, 4127
What are the prime factors of 4125425?
5, 47, 3511
What are the prime factors of 794254?
2, 397127
What are the prime factors of 127929?
3, 42643
What are the prime factors of 1221196?
2, 163, 1873
List the prime factors of 818080.
2, 5, 5113
What are the prime factors of 2009977?
2009977
List the prime factors of 2346163.
761, 3083
What are the prime factors of 245260?
2, 5, 12263
What are the prime factors of 5338478?
2, 53, 50363
What are the prime factors of 118356?
2, 3, 7, 1409
List the prime factors of 31210610.
2, 5, 37, 67, 1259
List the prime factors of 206770.
2, 5, 23, 29, 31
List the prime factors of 788201.
503, 1567
What are the prime factors of 1393929?
3, 17209
List the prime factors of 1504674.
2, 3, 179, 467
What are the prime factors of 76731?
3, 25577
What are the prime factors of 31522?
2, 15761
What are the prime factors of 1083923?
1083923
What are the prime factors of 3054294?
2, 3, 163, 347
What are the prime factors of 2598812?
2, 449, 1447
List the prime factors of 7932011.
7932011
List the prime factors of 119710.
2, 5, 11971
What are the prime factors of 2104026?
2, 3, 173, 2027
List the prime factors of 13565725.
5, 431, 1259
What are the prime factors of 3177651?
3, 1059217
List the prime factors of 4200633.
3, 155579
List the prime factors of 248786.
2, 19, 6547
List the prime factors of 42630782.
2, 21315391
List the prime factors of 231417.
3, 2857
What are the prime factors of 2012855?
5, 13, 173, 179
List the prime factors of 2690335.
5, 17, 31, 1021
List the prime factors of 1665515.
5, 333103
What are the prime factors of 38356?
2, 43, 223
List the prime factors of 2967061.
17, 174533
What are the prime factors of 5155239?
3, 71, 24203
What are the prime factors of 387662?
2, 11, 67, 263
List the prime factors of 344654.
2, 389, 443
List the prime factors of 331129.
137, 2417
What are the prime factors of 223427?
373, 599
List the prime factors of 652891.
31, 21061
What are the prime factors of 143690?
2, 5, 14369
What are the prime factors of 621727?
251, 2477
List the prime factors of 2772659.
293, 9463
List the prime factors of 4934157.
3, 1644719
What are the prime factors of 373951?
373951
List the prime factors of 3032498.
2, 7, 216607
What are the prime factors of 10179484?
2, 7, 211, 1723
What are the prime factors of 4157113?
41, 2473
What are the prime factors of 46890?
2, 3, 5, 521
List the prime factors of 682952.
2, 85369
List the prime factors of 18922070.
2, 5, 139, 13613
What are the prime factors of 352110?
2, 3, 5, 11, 97
List the prime factors of 4325328.
2, 3, 7, 613
List the prime factors of 13702121.
1229, 11149
List the prime factors of 4507618.
2, 17, 233, 569
What are the prime factors of 4006697?
43, 93179
List the prime factors of 4848704.
2, 7, 79, 137
What are the prime factors of 48855?
3, 5, 3257
List the prime factors of 21453740.
2, 5, 7, 11, 13931
What are the prime factors of 26018261?
26018261
List the prime factors of 2462122.
2, 13, 281, 337
What are the prime factors of 3153277?
23, 47, 2917
What are the prime factors of 231945?
3, 5, 7, 47
What are the prime factors of 1727354?
2, 271, 3187
What are the prime factors of 5724360?
2, 3, 5, 15901
What are the prime factors of 448072?
2, 56009
What are the prime factors of 704108?
2, 103, 1709
List the prime factors of 2454434.
2, 47, 26111
List the prime factors of 18723617.
11, 173, 9839
What are the prime factors of 8181060?
2, 3, 5, 136351
What are the prime factors of 22868?
2, 5717
What are the prime factors of 17264?
2, 13, 83
What are the prime factors of 103203?
3, 11467
List the prime factors of 973866.
2, 3, 23, 7057
What are the prime factors of 512782?
2, 256391
What are the prime factors of 1479598?
2, 739799
What are the prime factors of 3452955?
3, 5, 11, 17, 1231
What are the prime factors of 613950?
2, 3, 5, 4093
What are the prime factors of 809062?
2, 404531
List the prime factors of 161291.
13, 19, 653
List the prime factors of 1288642.
2, 53, 12157
List the prime factors of 513382.
2, 197, 1303
List the prime factors of 366437.
366437
List the prime factors of 1502556.
2, 3, 11, 11383
List the prime factors of 293668.
2, 73417
What are the prime factors of 14184?
2, 3, 197
What are the prime factors of 10032345?
3, 5, 222941
What are the prime factors of 257161?
257161
List the prime factors of 3730432.
2, 3643
What are the prime factors of 798453?
3, 79, 1123
List the prime factors of 19279985.
5, 31, 173, 719
List the prime factors of 458011.
41, 11171
List the prime factors of 44332.
2, 11083
What are the prime factors of 6521026?
2, 3260513
What are the prime factors of 1401074?
2, 700537
What are the prime factors of 27527?
27527
List the prime factors of 447946.
2, 97, 2309
What are the prime factors of 6741428?
2, 19, 107, 829
List the prime factors of 589984.
2, 103, 179
What are the prime factors of 13219678?
2, 137, 48247
List the prime factors of 3928616.
2, 683, 719
What are the prime factors of 12889171?
12889171
List the prime factors of 207133.
103, 2011
What are the prime factors of 154918?
2, 29, 2671
List the prime factors of 16492.
2, 7, 19, 31
List the prime factors of 10256372.
2, 7, 17, 29, 743
What are the prime factors of 1112280?
2, 3, 5, 13, 23, 31
What are the prime factors of 216961?
19, 601
List the prime factors of 293972.
2, 7, 10499
List the prime factors of 28429495.
5, 23, 233, 1061
What are the prime factors of 15172364?
2, 17, 23, 89, 109
List the prime factors of 2994900.
2, 3, 5, 67, 149
List the prime factors of 919049.
19, 48371
List the prime factors of 227442.
2, 3, 37907
What are the prime factors of 537098?
2, 17, 15797
What are the prime factors of 3269028?
2, 3, 7, 38917
What are the prime factors of 3131222?
2, 1565611
What are the prime factors of 4591472?
2, 31, 9257
What are the prime factors of 92141?
7, 13163
What are the prime factors of 2728810?
2, 5, 7, 5569
List the prime factors of 1379012.
2, 344753
What are the prime factors of 4509700?
2, 5, 13, 3469
List the prime factors of 1210322.
2, 251, 2411
List the prime factors of 1892963.
73, 25931
What are the prime factors of 4044064?
2, 43, 2939
List the prime factors of 1177447.
1177447
List the prime factors of 1900519.
347, 5477
List the prime factors of 260046.
2, 3, 14447
List the prime factors of 346769.
19, 18251
List the prime factors of 4971835.
5, 11, 90397
What are the prime factors of 4284430?
2, 5, 563, 761
What are the prime factors of 143497?
17, 23, 367
What are the prime factors of 12910142?
2, 7, 317, 2909
What are the prime factors of 11139040?
2, 5, 11, 6329
What are the prime factors of 1004469?
3, 191, 1753
List the prime factors of 2977670.
2, 5, 73, 4079
What are the prime factors of 174768?
2, 3, 11, 331
List the prime factors of 3106127.
23, 135049
List the prime factors of 9085398.
2, 3, 7, 216319
What are the prime factors of 269012?
2, 109, 617
What are the prime factors of 11527450?
2, 5, 11, 20959
List the prime factors of 2839599.
3, 7, 47, 137
What are the prime factors of 37979?
163, 233
List the prime factors of 188650.
2, 5, 7, 11
What are the prime factors of 6221032?
2, 37, 21017
List the prime factors of 14614875.
3, 5, 11, 1181
What are the